8121 composite?
True
Is 183145 composite?
True
Is 173249 composite?
False
Is 583 composite?
True
Is 70033 composite?
True
Is 35177 a composite number?
True
Is 6898 a prime number?
False
Is 469 a prime number?
False
Is 9771 composite?
True
Is 2129 a composite number?
False
Is 208553 a composite number?
False
Is 901 a composite number?
True
Is 6143 a composite number?
False
Is 9677 prime?
True
Is 5399 a composite number?
False
Is 13619 a prime number?
True
Is 3778 a composite number?
True
Is 4201 prime?
True
Is 4675309 prime?
True
Is 295741 a prime number?
False
Is 79031 prime?
True
Is 1163 composite?
False
Is 3101 a composite number?
True
Is 289093 composite?
True
Is 10061 prime?
True
Is 307 a composite number?
False
Is 3593 composite?
False
Is 253 a prime number?
False
Is 4839 a prime number?
False
Is 1177991 composite?
True
Is 253613 composite?
False
Is 1159669 a composite number?
True
Is 43 composite?
False
Is 309521 composite?
False
Is 11255 composite?
True
Is 1123639 composite?
True
Is 13157 composite?
True
Is 59771 a composite number?
False
Is 192113 a composite number?
False
Is 5063 a prime number?
False
Is 19553 a prime number?
True
Is 1013321 prime?
True
Is 319727 a prime number?
True
Is 19835 prime?
False
Is 138641 composite?
False
Is 12889 composite?
False
Is 873907 a composite number?
True
Is 102169 prime?
False
Is 168613 a composite number?
True
Is 98773 a composite number?
False
Is 14563 composite?
False
Is 69539 prime?
True
Is 927791 composite?
False
Is 1807 prime?
False
Is 1245513 a prime number?
False
Is 33559 a composite number?
True
Is 11017 composite?
True
Is 1602551 prime?
True
Is 98749 prime?
False
Is 86111 composite?
False
Is 13751 prime?
True
Is 154381 a composite number?
True
Is 3228949 a prime number?
False
Is 293 a composite number?
False
Is 148663 a prime number?
True
Is 133345 prime?
False
Is 255167 prime?
False
Is 35341 prime?
False
Is 332437 prime?
False
Is 3989 prime?
True
Is 290459 composite?
True
Is 5998 a prime number?
False
Is 91 a prime number?
False
Is 4735 prime?
False
Is 33893 prime?
True
Is 5667 composite?
True
Is 215723 prime?
True
Is 503543 composite?
False
Is 432859 prime?
False
Is 3211523 composite?
True
Is 66647 a prime number?
False
Is 4789 a prime number?
True
Is 282157 prime?
True
Is 19903 a prime number?
False
Is 18671 a composite number?
False
Is 4889 a prime number?
True
Is 44437 a prime number?
False
Is 1657 a composite number?
False
Is 967 composite?
False
Is 376199 prime?
True
Is 3559 composite?
False
Is 7069 composite?
False
Is 738281 a prime number?
False
Is 1511 a composite number?
False
Is 62939 composite?
False
Is 3551 a composite number?
True
Is 2825651 a prime number?
True
Is 103009 prime?
False
Is 66643 prime?
True
Is 106429 a prime number?
False
Is 1979371 prime?
True
Is 955 a prime number?
False
Is 517 a prime number?
False
Is 6197 a prime number?
True
Is 97943 a prime number?
True
Is 193273 a prime number?
False
Is 8801 composite?
True
Is 37255 a composite number?
True
Is 17211 composite?
True
Is 71705 a composite number?
True
Is 2153 a composite number?
False
Is 216413 a composite number?
True
Is 911413 a composite number?
False
Is 994271 a composite number?
False
Is 187211 composite?
False
Is 1315739 a composite number?
True
Is 908503 a prime number?
True
Is 149 a prime number?
True
Is 58931 prime?
False
Is 41693 prime?
False
Is 1543 a prime number?
True
Is 605099 a prime number?
False
Is 44841 composite?
True
Is 24737 a composite number?
True
Is 4577 composite?
True
Is 74449 a prime number?
True
Is 107807 composite?
True
Is 7297 a prime number?
True
Is 259247 composite?
True
Is 1637 composite?
False
Is 5737 composite?
False
Is 13249 composite?
False
Is 582739 a prime number?
False
Is 537331 prime?
True
Is 173363 prime?
False
Is 9127 a prime number?
True
Is 16319 prime?
True
Is 260047 a composite number?
False
Is 2921 a prime number?
False
Is 3570551 a composite number?
False
Is 52729 composite?
True
Is 281023 composite?
False
Is 10327 a prime number?
False
Is 177283 a composite number?
False
Is 57751 prime?
True
Is 17722 a composite number?
True
Is 3551 a composite number?
True
Is 27043 composite?
False
Is 2807 a composite number?
True
Is 17729 composite?
False
Is 4969 composite?
False
Is 4663 composite?
False
Is 36311 a prime number?
False
Is 9874 a composite number?
True
Is 587 a composite number?
False
Is 1501 a composite number?
True
Is 345089 a prime number?
True
Is 244859 composite?
False
Is 156647 a composite number?
True
Is 751 a composite number?
False
Is 13781 a prime number?
True
Is 47893 a prime number?
False
Is 505277 composite?
False
Is 1973 composite?
False
Is 25255 composite?
True
Is 10751 prime?
False
Is 9083 a prime number?
False
Is 8098 prime?
False
Is 21891 prime?
False
Is 774977 a composite number?
True
Is 3109 prime?
True
Is 60715 a prime number?
False
Is 2371609 a prime number?
True
Is 52609 prime?
True
Is 89459 a prime number?
True
Is 10391 prime?
True
Is 100397 a prime number?
False
Is 11197 prime?
True
Is 445829 prime?
True
Is 3313157 prime?
False
Is 252257 a prime number?
False
Is 7115 prime?
False
Is 12409 a composite number?
False
Is 893 a composite number?
True
Is 3785 a composite number?
True
Is 548383 prime?
False
Is 209905 composite?
True
Is 149647 a composite number?
True
Is 12713 composite?
False
Is 151237 a prime number?
True
Is 27361 a composite number?
False
Is 13021 prime?
False
Is 3611 a composite number?
True
Is 151597 a prime number?
True
Is 194179 prime?
True
Is 79714 a composite number?
True
Is 5471 prime?
True
Is 1389389 a prime number?
False
Is 7979 prime?
False
Is 2408167 a prime number?
False
Is 2813 composite?
True
Is 855989 a prime number?
True
Is 4049 prime?
True
Is 13021 composite?
True
Is 52489 composite?
False
Is 31981 a prime number?
True
Is 56954 a composite number?
True
Is 20369 composite?
False
Is 28173 composite?
True
Is 288809 composite?
True
Is 60191 composite?
True
Is 58309 a prime number?
True
Is 14951 a composite number?
False
Is 8857 a prime number?
False
Is 3233966 a prime number?
False
Is 63851 a composite number?
True
Is 289343 composite?
False
Is 212951 a composite number?
True
Is 24943 a composite number?
False
Is 869491 a prime number?
False
Is 407389 a composite number?
True
Is 610411 composite?
True
Is 266698 a composite number?
True
Is 45233 a composite number?
False
Is 304237 prime?
False
Is 47161 composite?
False
Is 155065 composite?
True
Is 12077 a prime number?
False
Is 6619 a prime number?
True
Is 829271 prime?
False
Is 26479 composite?
False
Is 85691 prime?
True
Is 41803 a composite number?
True
Is 134437 composite?
False
Is 26323 composite?
True
Is 26557 a prime number?
True
Is 8605 prime?
False
Is 31001 a prime number?
False
Is 5989 a prime number?
False
Is 18119 prime?
True
Is 333415 composite?
True
Is 1157 prime?
False
Is 75827 composite?
True
Is 3191 prime?
True
Is 31615 prime?
False
Is 48109 composite?
False
Is 12263 composite?
False
Is 170627 a prime number?
True
Is 33379 composite?
True
Is 15146 a composite number?
True
Is 384961 prime?
True
Is 8063 prime?
False
Is 158293 composite?
False
Is 57719 prime?
True
Is 694601 composite?
True
Is 1249 a prime number?
True
Is 18199 a composite number?
False
Is 957065 composite?
True
Is 100121 prime?
False
Is 45817 prime?
True
Is 1222667 prime?
True
Is 7493 a composite number?
True
Is 16729 prime?
True
Is 12373 a prime number?
True
Is 144773 composite?
False
Is 307069 composite?
True
Is 287479 a composite number?
True
Is 19121 a prime number?
True
Is 557599 composite?
True
Is 129671 prime?
True
Is 2303567 a composite number?
True
Is 6421 a prime number?
True
Is 2285 a composite number?
True
Is 268078 prime?
False
Is 2333 a prime number?
True
Is 68791 a composite number?
False
Is 38383 a composite number?
True
Is 45007 composite?
False
Is 16517 a composite number?
True
Is 47267 composite?
True
Is 28585 a prime number?
False
Is 8467 a prime number?
True
Is 219119 prime?
True
Is 9249 a composite number?
True
Is 15901 a composite number?
False
Is 6121 composite?
False
Is 2182127 a prime number?
False
Is 40855 composite?
True
Is 182993 prime?
False
Is 224771 a composite number?
False
Is 3641 prime?
False
Is 68317 a composite number?
True
Is 208979 a c